{"id":1005,"date":"2023-12-11T13:53:20","date_gmt":"2023-12-11T12:53:20","guid":{"rendered":"https:\/\/voicesofspanishpoets.ugr.es\/?page_id=1005"},"modified":"2025-03-10T18:43:08","modified_gmt":"2025-03-10T17:43:08","slug":"propiedad-intelectual","status":"publish","type":"page","link":"https:\/\/voicesofspanishpoets.ugr.es\/en\/propiedad-intelectual\/","title":{"rendered":"Propiedad Intelectual"},"content":{"rendered":"<div data-elementor-type=\"wp-page\" data-elementor-id=\"1005\" class=\"elementor elementor-1005\" data-elementor-post-type=\"page\">\n\t\t\t\t<div class=\"elementor-element elementor-element-ebfe735 e-flex e-con-boxed e-con e-parent\" data-id=\"ebfe735\" data-element_type=\"container\" data-e-type=\"container\">\n\t\t\t\t\t<div class=\"e-con-inner\">\n\t\t<div class=\"elementor-element elementor-element-c760ba2 e-con-full e-flex e-con e-child\" data-id=\"c760ba2\" data-element_type=\"container\" data-e-type=\"container\">\n\t\t\t\t<div class=\"elementor-element elementor-element-002369c elementor-widget elementor-widget-heading\" data-id=\"002369c\" data-element_type=\"widget\" data-e-type=\"widget\" data-widget_type=\"heading.default\">\n\t\t\t\t<div class=\"elementor-widget-container\">\n\t\t\t\t\t<h2 class=\"elementor-heading-title elementor-size-default\">Intellectual Property and Data Protection of VSP<\/h2>\t\t\t\t<\/div>\n\t\t\t\t<\/div>\n\t\t\t\t<\/div>\n\t\t<div class=\"elementor-element elementor-element-518a76f e-con-full e-flex e-con e-child\" data-id=\"518a76f\" data-element_type=\"container\" data-e-type=\"container\">\n\t\t\t\t<div class=\"elementor-element elementor-element-296a3668 elementor-widget elementor-widget-text-editor\" data-id=\"296a3668\" data-element_type=\"widget\" data-e-type=\"widget\" data-widget_type=\"text-editor.default\">\n\t\t\t\t<div class=\"elementor-widget-container\">\n\t\t\t\t\t\t\t\t\t\n<div>\n<p class=\"wp-block-paragraph\">The intellectual property of the project, the website, and its archive belongs to the principal investigator, Valentina Colonna, and the University of Granada (UGR). The project complies with the legislation regarding the protection of personal data, as well as with the regulations developed by the UGR for this purpose.\u00a0<\/p>\n<p>All materials resulting from the project or generated as a consequence of its development are the property of the University of Granada (UGR).\u00a0<\/p>\n<p>In any citation of the project, the following reference must be included:<\/p>\n<p><em>\u201cVoices of Spanish Poets. Vocal Archive and Experimental Study on Poetry Reading (VSP). Project funded by the European Commission (Marie Sk\u0142odowska-Curie Actions \u2013 MSCA Postdoctoral Fellowship). Principal Investigator: Valentina Colonna. University of Granada. 2023-2025.\u201d<\/em><\/p>\n<p>For any use of the materials included in the archive outside the VSP platform, it is mandatory to request written authorization from the project management.<\/p>\n<p>The audio files available on this platform constitute a processing of personal data and are intended exclusively for research and educational purposes within the scope of the project. Any use for other purposes, whether partial or total, or any dissemination or communication without the consent of the individuals concerned, constitutes a violation of data protection regulations and will entail the corresponding legal responsibilities.<\/p>\n<p>Regarding audio recordings owned by other archives, users must comply with the regulations established by each respective archive for their use.<\/p>\n<\/div>\n\t\t\t\t\t\t\t\t<\/div>\n\t\t\t\t<\/div>\n\t\t\t\t<\/div>\n\t\t\t\t\t<\/div>\n\t\t\t\t<\/div>\n\t\t<div class=\"elementor-element elementor-element-5e75fcc e-flex e-con-boxed e-con e-parent\" data-id=\"5e75fcc\" data-element_type=\"container\" data-e-type=\"container\">\n\t\t\t\t\t<div class=\"e-con-inner\">\n\t\t\t\t\t<\/div>\n\t\t\t\t<\/div>\n\t\t\t\t<\/div>","protected":false},"excerpt":{"rendered":"<p>Propiedad intelectual y Protecci\u00f3n de datos de VSP La propiedad intelectual del proyecto, de la p\u00e1gina web y de su archivo pertenece a la investigadora principal Valentina Colonna y a la Universidad de Granada (UGR). El proyecto cumple con la legislaci\u00f3n relativa a la \u00a0de protecci\u00f3n de datos de car\u00e1cter personal as\u00ed como a la [&hellip;]<\/p>\n","protected":false},"author":1,"featured_media":0,"parent":0,"menu_order":0,"comment_status":"closed","ping_status":"closed","template":"","meta":{"site-sidebar-layout":"default","site-content-layout":"","ast-site-content-layout":"","site-content-style":"default","site-sidebar-style":"default","ast-global-header-display":"","ast-banner-title-visibility":"","ast-main-header-display":"","ast-hfb-above-header-display":"","ast-hfb-below-header-display":"","ast-hfb-mobile-header-display":"","site-post-title":"","ast-breadcrumbs-content":"","ast-featured-img":"","footer-sml-layout":"","theme-transparent-header-meta":"","adv-header-id-meta":"","stick-header-meta":"","header-above-stick-meta":"","header-main-stick-meta":"","header-below-stick-meta":"","astra-migrate-meta-layouts":"default","ast-page-background-enabled":"default","ast-page-background-meta":{"desktop":{"background-color":"var(--ast-global-color-4)","background-image":"","background-repeat":"repeat","background-position":"center center","background-size":"auto","background-attachment":"scroll","background-type":"","background-media":"","overlay-type":"","overlay-color":"","overlay-opacity":"","overlay-gradient":""},"tablet":{"background-color":"","background-image":"","background-repeat":"repeat","background-position":"center center","background-size":"auto","background-attachment":"scroll","background-type":"","background-media":"","overlay-type":"","overlay-color":"","overlay-opacity":"","overlay-gradient":""},"mobile":{"background-color":"","background-image":"","background-repeat":"repeat","background-position":"center center","background-size":"auto","background-attachment":"scroll","background-type":"","background-media":"","overlay-type":"","overlay-color":"","overlay-opacity":"","overlay-gradient":""}},"ast-content-background-meta":{"desktop":{"background-color":"var(--ast-global-color-5)","background-image":"","background-repeat":"repeat","background-position":"center center","background-size":"auto","background-attachment":"scroll","background-type":"","background-media":"","overlay-type":"","overlay-color":"","overlay-opacity":"","overlay-gradient":""},"tablet":{"background-color":"var(--ast-global-color-5)","background-image":"","background-repeat":"repeat","background-position":"center center","background-size":"auto","background-attachment":"scroll","background-type":"","background-media":"","overlay-type":"","overlay-color":"","overlay-opacity":"","overlay-gradient":""},"mobile":{"background-color":"var(--ast-global-color-5)","background-image":"","background-repeat":"repeat","background-position":"center center","background-size":"auto","background-attachment":"scroll","background-type":"","background-media":"","overlay-type":"","overlay-color":"","overlay-opacity":"","overlay-gradient":""}},"footnotes":""},"class_list":["post-1005","page","type-page","status-publish","hentry"],"_links":{"self":[{"href":"https:\/\/voicesofspanishpoets.ugr.es\/en\/wp-json\/wp\/v2\/pages\/1005","targetHints":{"allow":["GET"]}}],"collection":[{"href":"https:\/\/voicesofspanishpoets.ugr.es\/en\/wp-json\/wp\/v2\/pages"}],"about":[{"href":"https:\/\/voicesofspanishpoets.ugr.es\/en\/wp-json\/wp\/v2\/types\/page"}],"author":[{"embeddable":true,"href":"https:\/\/voicesofspanishpoets.ugr.es\/en\/wp-json\/wp\/v2\/users\/1"}],"replies":[{"embeddable":true,"href":"https:\/\/voicesofspanishpoets.ugr.es\/en\/wp-json\/wp\/v2\/comments?post=1005"}],"version-history":[{"count":59,"href":"https:\/\/voicesofspanishpoets.ugr.es\/en\/wp-json\/wp\/v2\/pages\/1005\/revisions"}],"predecessor-version":[{"id":12330,"href":"https:\/\/voicesofspanishpoets.ugr.es\/en\/wp-json\/wp\/v2\/pages\/1005\/revisions\/12330"}],"wp:attachment":[{"href":"https:\/\/voicesofspanishpoets.ugr.es\/en\/wp-json\/wp\/v2\/media?parent=1005"}],"curies":[{"name":"wp","href":"https:\/\/api.w.org\/{rel}","templated":true}]}}

<div data-elementor-type="wp-page" data-elementor-id="1005" class="elementor elementor-1005" data-elementor-post-type="page">
				<div class="elementor-element elementor-element-ebfe735 e-flex e-con-boxed e-con e-parent" data-id="ebfe735" data-element_type="container" data-e-type="container">
					<div class="e-con-inner">
		<div class="elementor-element elementor-element-c760ba2 e-con-full e-flex e-con e-child" data-id="c760ba2" data-element_type="container" data-e-type="container">
				<div class="elementor-element elementor-element-002369c elementor-widget elementor-widget-heading" data-id="002369c" data-element_type="widget" data-e-type="widget" data-widget_type="heading.default">
				<div class="elementor-widget-container">
					<h2 class="elementor-heading-title elementor-size-default">Intellectual Property and Data Protection of VSP</h2>				</div>
				</div>
				</div>
		<div class="elementor-element elementor-element-518a76f e-con-full e-flex e-con e-child" data-id="518a76f" data-element_type="container" data-e-type="container">
				<div class="elementor-element elementor-element-296a3668 elementor-widget elementor-widget-text-editor" data-id="296a3668" data-element_type="widget" data-e-type="widget" data-widget_type="text-editor.default">
				<div class="elementor-widget-container">
									
<div>
<p class="wp-block-paragraph">The intellectual property of the project, the website, and its archive belongs to the principal investigator, Valentina Colonna, and the University of Granada (UGR). The project complies with the legislation regarding the protection of personal data, as well as with the regulations developed by the UGR for this purpose. </p>
<p>All materials resulting from the project or generated as a consequence of its development are the property of the University of Granada (UGR). </p>
<p>In any citation of the project, the following reference must be included:</p>
<p><em>“Voices of Spanish Poets. Vocal Archive and Experimental Study on Poetry Reading (VSP). Project funded by the European Commission (Marie Skłodowska-Curie Actions – MSCA Postdoctoral Fellowship). Principal Investigator: Valentina Colonna. University of Granada. 2023-2025.”</em></p>
<p>For any use of the materials included in the archive outside the VSP platform, it is mandatory to request written authorization from the project management.</p>
<p>The audio files available on this platform constitute a processing of personal data and are intended exclusively for research and educational purposes within the scope of the project. Any use for other purposes, whether partial or total, or any dissemination or communication without the consent of the individuals concerned, constitutes a violation of data protection regulations and will entail the corresponding legal responsibilities.</p>
<p>Regarding audio recordings owned by other archives, users must comply with the regulations established by each respective archive for their use.</p>
</div>
								</div>
				</div>
				</div>
					</div>
				</div>
		<div class="elementor-element elementor-element-5e75fcc e-flex e-con-boxed e-con e-parent" data-id="5e75fcc" data-element_type="container" data-e-type="container">
					<div class="e-con-inner">
					</div>
				</div>
				</div>

<p>Propiedad intelectual y Protección de datos de VSP La propiedad intelectual del proyecto, de la página web y de su archivo pertenece a la investigadora principal Valentina Colonna y a la Universidad de Granada (UGR). El proyecto cumple con la legislación relativa a la  de protección de datos de carácter personal así como a la [&hellip;]</p>
